3, 5
Let g(f) = -2*f + 8. Let x be g(8). Let b be -8*1/(2 + 0). Let p = b - x. What are the prime factors of p?
2
Suppose -2*a + 3*r - 2*r + 37 = 0, 3*a = 2*r + 53. What are the prime factors of a?
3, 7
What are the prime factors of (-2 + 3)*(-6 + 52)?
2, 23
Let c = 4 + -4. Suppose g + c*g = 33. Suppose -2*d = -g + 11. List the prime factors of d.
11
Let v be (-4)/18 - (-94)/18. Suppose 10*c - 30 = v*c. What are the prime factors of 2 - 3/(-2)*c?
11
What are the prime factors of ((-3)/15)/(1/(-305))?
61
Suppose 4*t + 3 + 5 = 4*a, -4*t + 4 = 0. Suppose 8*o - 80 = 3*o - 5*m, m = a. What are the prime factors of o?
13
Suppose 5*u = -3*k + 58, -75 = -3*k - 4*u - 16. What are the prime factors of k?
3, 7
Let r be 3 + (6/3 - 2). Suppose g - 17 = 3*j, -3*j = r*g - 4*j - 27. Suppose 2*n + 2*n = -4*a + g, -n - 12 = -a. What are the prime factors of a?
7
Let s be ((-2)/2)/((-3)/(-18)). Let v be 123/5 - s/15. List the prime factors of 8/(-5)*v/(-10).
2
Let y be 6/12 - (-10)/(-4). Let l be -2*((-21)/y + 2). Let c = l - -46. List the prime factors of c.
3, 7
Let v(i) be the third derivative of i**5/60 + i**4/6 + i**3 - 11*i**2. Let o = -6 - -1. List the prime factors of v(o).
11
Let g(w) = w**2 - 12*w + 7. List the prime factors of g(-9).
2, 7
Let x be 4/1*3/(-4). Let t be -2 - (x + -3) - 3. List the prime factors of 0 + t - (-17 - -3).
3, 5
Suppose -3*d - 4*a = -a - 117, -5*d + 4*a = -168. What are the prime factors of d?
2, 3
Let p(w) = w**3 + 8*w**2 + 6*w + 7. List the prime factors of p(-5).
2, 13
Suppose 5*t - 16 = t. Suppose -20 = t*u, 2*u = 3*h - 5*h - 4. List the prime factors of h.
3
Let p = -73 - -45. Suppose -29 = -i + 10. Let y = i + p. List the prime factors of y.
11
Suppose -72 = -4*c + 36. List the prime factors of c.
3
Let j(u) = -u + 3. List the prime factors of j(-10).
13
Suppose -4*q - 49 = -k, 2*k + q - 79 + 8 = 0. What are the prime factors of k?
37
Let b = 131 + -56. List the prime factors of b.
3, 5
Let f be (-6)/(-3) - 3 - -7. Suppose 3*q + 21 = 2*h, -2*q + f*q = -h - 6. Suppose -2*s + h = -10. What are the prime factors of s?
2
Let u(r) = r**2 - 10*r + 4. Let a be u(10). Suppose -a*f = -0 - 72. What are the prime factors of f?
2, 3
Suppose -5*t + 4*t = 1. List the prime factors of (-27 + 2/(-1))/t.
29
Let v(h) = h + 1. Let n be v(3). Suppose -n*i + 48 = -i. Suppose -3*a - i = -7*a. What are the prime factors of a?
2
Let x be 4/(-3)*12/8. What are the prime factors of 14 + x*(-2)/(-2)?
2, 3
Let g(o) = 5*o + 1. Let k be ((-9)/6)/((-1)/(-2)). Let d be ((-12)/9)/4*k. List the prime factors of g(d).
2, 3
Suppose 0 = 5*r - 5*q - 65, -7*q + 18 = r - 3*q. What are the prime factors of r?
2, 7
Let q(m) = m**2 - 1. Suppose 5*l + 6 = -4*v, -4*v - 18 = 4*l - 5*l. List the prime factors of q(v).
3, 5
Suppose 2*o - 4*g + 3*g - 2 = 0, -10 = -5*g. What are the prime factors of o?
2
Let j(z) = z**2 + 3*z - 7. Let m be j(-5). Suppose a + x - m = 0, -3*a + 15 = -0*x - 3*x. Suppose 0*s + a*s + 16 = 3*d, 0 = -s + 5. List the prime factors of d.
2, 3
Let s = 0 + 2. Suppose 2*h - 8 = -5*m - 0, -4*m = s*h - 8. Suppose 0 = -3*y + h*a + 43, 0 = -y - a + 3 + 2. List the prime factors of y.
3
What are the prime factors of (52/39)/((-2)/(-3)) - -124?
2, 3, 7
Let b(r) = r**3 + 3*r**2 - 4*r + 2. Let z be b(-4). Suppose -10 = u - z. Let y(c) = -c - 2. List the prime factors of y(u).
2, 3
Suppose -3*c - 5*y + 2*y + 3 = 0, 4*c = 2*y + 10. Suppose 2*i = -2*i + 8. Suppose -i*h + 57 = 3*x + c*x, -x + 9 = -2*h. List the prime factors of x.
11
Let a be (-2)/((12/(-10))/(-3)). Suppose 5*v + 5*b = 90, -3*b = 4*v - 0*v - 67. Let s = v + a. List the prime factors of s.
2
Let f(h) = -h**2 - 11*h - 10. Let v be f(-10). Suppose -2*o - 5*m + 0*m - 55 = v, -m = -5*o - 70. What are the prime factors of (-4)/20 - 198/o?
13
List the prime factors of (-3)/(297/(-98) - -3).
2, 7
Suppose 0*l - 190 = -5*l. List the prime factors of l.
2, 19
Suppose 0 + 8 = 2*b. Suppose -b*t = 3 - 11. List the prime factors of -9*(6/t)/(-3).
3
Let a be -4*2/(24/(-9)). What are the prime factors of 7 + 0/4 + a?
2, 5
Let f = 22 + -20. Suppose -50 = -4*h - 2*q, -f*h - 2*h + q = -41. What are the prime factors of h?
11
Let o(b) = 15*b**3 + b**2 - b + 1. Let x(f) = -f + 1. Let s(u) = -8*u + 9. Let i(q) = -s(q) + 6*x(q). Let w be i(2). List the prime factors of o(w).
2
List the prime factors of (-107)/(3*6/(-36)).
2, 107
Suppose 0 = -5*n - 3*m + 247, -3*n + 199 = n + m. Suppose -i - 14 = -n. Suppose -3*v + i = -v. What are the prime factors of v?
2, 3
Let i be (-2)/((-3 + 0)/141). Suppose i = 5*o + 24. List the prime factors of o.
2, 7
Let u = 4 + -5. Let m(q) = -13*q**3 - 2*q**2 + 1. What are the prime factors of m(u)?
2, 3
Let n = 479 + -312. What are the prime factors of n?
167
Let c = 147 + -43. List the prime factors of c.
2, 13
Suppose z = g - 302, 5*z = 46 - 21. What are the prime factors of g?
307
Let r = 569 - 372. List the prime factors of r.
197
What are the prime factors of 142/6 + (-2)/(-6)?
2, 3
Let f = -1 + 1. Suppose -2*x + 48 = -f*x. Let u = x + -12. List the prime factors of u.
2, 3
Let o = 102 + -61. List the prime factors of o.
41
Suppose 2 = j + 4*f, -2*f + 105 = 5*j + 41. Let r = j + -4. What are the prime factors of 192/r + 2/(-10)?
19
Let r(m) = m**3 - 11*m**2 - m + 8. Let q be r(11). Let t = 13 + q. List the prime factors of t.
2, 5
Let a be ((-4)/6)/((-2)/(-30)). Suppose 0*b = 2*b. Let k = b - a. What are the prime factors of k?
2, 5
Let o = -3 + 93. List the prime factors of o.
2, 3, 5
Let u(q) = -q**2 - 6*q - 5. Let v be u(-5). Suppose v = -5*a - 0*a + 10. Suppose 15 = 5*s - a*s. What are the prime factors of s?
5
Let s = -8 - -12. Suppose -s = -j + 4*i - 3*i, 0 = 5*j - 2*i - 23. List the prime factors of j.
5
Let c be ((-6)/(-3) - 0) + 0. Suppose -3*d - d = 3*k - 38, -3*k = c*d - 28. Let r = 11 + k. What are the prime factors of r?
17
Let k(v) = 5*v + 14. What are the prime factors of k(16)?
2, 47
Let y be (-1 + 0)*(-3)/1. Suppose 0 = 3*v - 4*p - 68, 3*v + 11 - 74 = y*p. What are the prime factors of 1/4 - (-44)/v?
3
Let q = 16 - 4. Suppose 13 = -2*c - 3. What are the prime factors of (c/q)/(2/(-9))?
3
Let v be (0 + -1)/((-2)/14). Let f(z) = z - 8. Let g be f(v). Let x = g - -3. List the prime factors of x.
2
Let j = -3 + 5. Suppose d + b - j = 0, -4*b + 7 - 1 = 2*d. What are the prime factors of -1*(1 + d) - -14?
2, 3
Suppose 0 = -3*h - 0*h - 3*y + 18, -3*h + 4*y + 32 = 0. Suppose 4*l = -0*l + h. List the prime factors of l.
2
Suppose -o + 4 = -1. Suppose o*d + w + 2*w - 58 = 0, -d + 8 = -3*w. What are the prime factors of d?
11
Suppose -5*q - 125 = -5*x, 2*q + 41 = 3*x - 30. List the prime factors of x.
3, 7
Let n(v) = -v**3 - 7*v**2 + 12*v - 8. List the prime factors of n(-9).
2, 23
Let j(t) = -t**3 - 7*t**2 + 8*t + 3. Let z be j(-8). Suppose z*g - 63 - 48 = 0. List the prime factors of g.
37
Let n be (-12)/78 + (-230)/26. Let v = n + 38. What are the prime factors of v?
29
Let g = -3 + 14. What are the prime factors of g?
11
Let x be (12*1 + -3)*1. Suppose 27 = x*b - 8*b. What are the prime factors of b?
3
Let u(g) = 4*g - 5*g - 7*g**2 + 1 + 1 - g**3. What are the prime factors of u(-7)?
3
List the prime factors of (-4)/10 - (-360)/25.
2, 7
Let c(k) = 15*k + 20. Let d(m) be the first derivative of -3*m**2/2 - 4*m + 4. Let r(i) = 2*c(i) + 11*d(i). List the prime factors of r(-5).
11
Let v(i) = i + 1. Let l be v(4). Let x = l + -3. What are the prime factors of x?
2
Let h = -111 + 202. What are the prime factors of h?
7, 13
Let r(u) = u + 5. Let l be r(-6). What are the prime factors of (l/1)/((-1)/11)?
11
Suppose -7*c + 12*c = 205. List the prime factors of c.
41
Let s(n) = n**3 + 9*n**2 - 12*n + 7. List the prime factors of s(-10).
3
Let z(l) = -37*l + 17. List the prime factors of z(-4).
3, 5, 11
Suppose 3*q - 15 = -3. Let h be (-3)/2*(q - 0). Let a = h + 15. List the prime factors of a.
3
Let g(d) = 2*d**2 - 2*d - 15. What are the prime factors of g(-3)?
3
Let p(x) = -x**3 + 8*x - 2. What are the prime factors of p(-7)?
3, 5, 19
Suppose 0*u + u = -3, -4*u - 11 = -q. Let r(p) = 3*p**2 + 1. Let z be r(q). Suppose z*t - 92 = f - 35, -t + 3 = 2*f. List the prime factors of t.
13
Let d(z) = z + 31. Suppose 0*i = -5*i. Let b be d(i). Suppose 5*a - 27 + 2 = -3*q, a + b = 3*q. 